= m - 113. Is v a prime number?
True
Suppose -46*j = -43*j + 2*v - 74413, -3*j - 8*v + 74371 = 0. Is j composite?
False
Let c(w) = -2216*w**3 - 18*w**2 - 118*w + 23. Is c(-6) composite?
False
Let k be (6893/(-2))/((-3)/6). Let w = -814 + k. Is w a composite number?
False
Let p = 39 + -61. Let s be -11 + 10 + -5 + 32. Is (s/4 + -3)/((-1)/p) a prime number?
False
Let q = 145 - 77. Suppose 69*u = q*u + 8. Is 1526/u*14/49*14 a prime number?
False
Is ((-25)/(-75))/((4/7919298)/((-38)/(-57))) composite?
False
Let c(d) = d**2 + 14*d + 12. Let s be c(13). Let f(u) = 227*u**2 - u + 2. Let b be f(2). Let t = s + b. Is t a prime number?
False
Let c(o) = -2*o**3 + 24*o**2 - 24*o + 24. Let w be c(11). Is (w/(-4))/((-20)/54440) a prime number?
True
Let g(y) = 2*y**2 + 28*y + 30. Let x be g(-13). Suppose -2*r + x = 3*t, 3*r = -5*t - 0*t + 7. Suppose -q = 4*m - 2*q - 2118, -t = q. Is m prime?
False
Let p(m) = -2*m**2 + 14*m - 7. Let z be p(6). Suppose 2165 = 4*g + f, -z*g - 12*f = -10*f - 2707. Is g prime?
True
Let w(r) = -r**3 + 9*r**2 - 7. Let i be w(9). Let l(d) = -d**3 - 10*d**2 + d + 6. Let o be l(i). Let v = -89 - o. Is v a prime number?
True
Let t be 1 - 13/15 - 6512/(-660). Suppose 0 = -15*l + t*l + 3*b + 15095, 5*b + 15095 = 5*l. Is l composite?
False
Let m be (-2*(33 + 0))/(-2). Suppose -36*i = -m*i - 3669. Is i composite?
False
Suppose 24*g + 15752 = 26*g - 3*u, 39347 = 5*g - 2*u. Is g a prime number?
True
Suppose 4616 = 2*l + 108*v - 110*v, 3*v + 2306 = l. Is l a composite number?
False
Suppose 0 = n + 3*n + 2*p - 36, 3*p = 0. Is ((-80241)/n)/(-7)*3 prime?
True
Let g = 22141 + -2523. Suppose 4*l - 19450 = g. Is l a composite number?
False
Is (-15)/((-225)/459015)*1 prime?
False
Let m = 1590 - 119. Is m a prime number?
True
Is (81/(-42) + 63/147)*685910/(-15) composite?
True
Suppose -s = 18*s - 1520. Suppose s*t = 102*t - 18458. Is t a prime number?
True
Is (-75)/12*13568752/(-580) composite?
True
Let l = -258437 - -673044. Is l composite?
False
Is (-1)/(19097840/(-1469064) - -13) a prime number?
False
Let x = 6 + 46. Is x/39 - 1239/(-9) a prime number?
True
Let f = 41524 - -60999. Is f a composite number?
False
Let z(d) = -12*d - 3. Let s be z(-5). Let u(t) = -s + 69 - 334*t - 31. Is u(-12) a prime number?
True
Let q(j) = 5*j**3 + j**2 + 5*j - 9. Let l(c) = -c**3. Let k(b) = 6*l(b) + q(b). Let n be k(3). Is -3*(-6423)/36 - (-3)/n a composite number?
True
Let f(n) = -56*n - 161. Let v(t) = -57*t - 161. Let a(o) = -3*f(o) + 4*v(o). Is a(-26) composite?
False
Suppose -5*p = -4*p - 2. Suppose -p*j - j = -15, -2*j = b - 13. Suppose 3*d + b*d = 8286. Is d composite?
False
Let n(i) = -18*i**3 + 179*i**2 + 3*i - 21. Is n(-7) prime?
False
Let f(z) = -5*z**3 + 15*z**2 - 41*z - 13. Let p(m) = 6*m**3 - 14*m**2 + 39*m + 13. Let v(b) = -5*f(b) - 4*p(b). Is v(22) composite?
False
Suppose -2*i = -3*o - 225, 3*o + 2*i + 140 = -97. Let t = -72 - o. Suppose 4*k + 4*n - 1210 - 438 = 0, 2*n - 2051 = -t*k. Is k prime?
True
Let j(v) = 4772*v**2 - 155*v - 764. Is j(-5) composite?
False
Suppose -13*s = -s - 948. Suppose 12 = -76*d + s*d. Suppose -5*h + 1477 = 2*a, 2*h + 0*h + d*a = 594. Is h a prime number?
False
Let p(w) = 62*w**3 + 3*w**2 + 3*w + 13. Let v be p(-3). Let c = v + 3264. Is c prime?
True
Suppose 0 = 16*r - 21*r + 38315. Let d = 1000 + r. Is d composite?
False
Let t be (0 - (-11195)/10)*-4. Let i = t - -8085. Is i a composite number?
False
Let l = -5 - 4. Let z = 4 - l. Let c = z - -22. Is c a composite number?
True
Suppose 35*d - 307974 = 486526. Let z = -7513 + d. Is z prime?
True
Suppose 51*m + 1724041 - 5784349 = -33*m. Is m a composite number?
False
Suppose 3*v - 21 = -2*n, -4*n - n + 5*v - 10 = 0. Suppose 0 = 3*k - 2*y + 17, y = -n*k - 32. Let w(r) = r**3 + 18*r**2 + 9*r + 11. Is w(k) prime?
True
Let f = -3471 + 1791. Let j = f + 19561. Is j a composite number?
False
Suppose 3*x + 2*o = -2*x + 605, -x + 121 = -3*o. Let r = x - -63. Suppose p = -4*k + 717, k + 0*k = -5*p + r. Is k prime?
True
Suppose q + q = -2*y + 42, -83 = -3*q + y. Suppose q = -6*j + 2. Let a(n) = 84*n**2 - 4*n - 17. Is a(j) a prime number?
False
Let h = 67224 - 5675. Is h a prime number?
False
Suppose 2*j - 6918 = 3*j. Let o = 1837 + -1831. Is ((-4)/o)/(4/j) - 2 prime?
True
Suppose 0 = 4*o - 20, -3*d - 8*o = -5*o - 65034. Is d prime?
True
Suppose -5*k = -4*d + 15440, -5*k = 4*d + 99 - 15579. Suppose -2*j + 6*j - 2*o = 3086, 5*j - 4*o - d = 0. Is j prime?
True
Let p = 444 + -427. Suppose p*b = -7800 + 29203. Is b a composite number?
False
Let a(u) = u**2 + u + 3. Let j be a(3). Let s(r) = r**3 - 14*r**2 - 15*r. Let p be s(j). Suppose p = n + 3*l - 331, 3*n = l - 62 + 1055. Is n a prime number?
True
Let v(c) = -2*c**2 + 3*c. Let b be v(2). Let l be 3/11 - 226772/2002. Is (l/b)/(((-9)/(-14))/9) composite?
True
Let v = 73099 - 47864. Suppose -4*o - 7311 = -v. Is o prime?
True
Let r = 394338 - 267799. Is r composite?
True
Let u be 5 + ((-12)/6 - -130). Let b be ((-5)/(-2))/((-1)/(-2)). Suppose -b*j + 57 + u = 0. Is j a composite number?
True
Let r be (-5)/(-20) - (-419)/4. Is (-647)/((-91)/r + (-2)/(-3)) composite?
True
Suppose y - 126938 + 43224 = -18*y. Is y a composite number?
True
Suppose 113570 + 151358 = 5*i - 159357. Is i composite?
False
Suppose 0 = -q - 4*q + 3320. Let x be 4/10 - 9*(-8696)/(-360). Let s = q + x. Is s a composite number?
True
Is 5/(12 + -7)*(119776 + (-70)/(-10)) a prime number?
True
Let a = -41 + 51. Let m be 3156/a*120/(-36). Is m/10*-2*(-5)/(-2) prime?
False
Suppose -b + 2 = -4*t + 6*t, 5*t - 10 = -5*b. Let k(g) = 116*g**3 - 2*g**2 - 3*g + 5. Is k(b) a prime number?
True
Suppose -n = 70 + 264. Let p be ((-1)/(-1))/((-8)/1848). Let j = p - n. Is j prime?
True
Let j(u) be the second derivative of 2*u**3/3 - 63*u**2/2 + 11*u - 3. Let i be j(16). Is (-491*(0/(-4) + -1))/i composite?
False
Suppose 5*b = 2*b - 10*z + 103247, 0 = 3*b - 2*z - 103187. Is b a composite number?
True
Let t be 4/10 - 17/((-425)/189390). Suppose 2*b - 13 = -z, -4*b + 17 - 1 = 0. Suppose 4*w = 4*v - t, 2*v - w = z*v - 5662. Is v a prime number?
True
Suppose -p + c + 4 = 0, -2*c = -c. Let s be 0*(p + (-14)/4). Suppose s = -14*j + 18*j - 3812. Is j composite?
False
Let x be (-1)/2*-8 + (-292411)/(-7). Let c = x + -24601. Suppose -4*v - 4*d = -c, -5*d = -0 - 15. Is v a prime number?
False
Let q(c) = -c**2 + 20*c - 91. Let v be q(12). Suppose -2*m = -9*p + 5*p - 8786, 5*m - v*p = 21960. Is m a composite number?
False
Let z(u) be the second derivative of -15*u + 85/12*u**4 + 0 + 1/2*u**2 + 1/2*u**3. Is z(-1) a composite number?
False
Suppose 454*h = 458*h + 32. Is -1 + h/(-6) + (-77766)/(-9) prime?
True
Let o(t) = -t**2 - 4*t + 6. Let j be o(-5). Let d = 4589 + -2828. Is (-2 - j - -1)*d/(-6) a prime number?
True
Let h be 0*((135/10)/9)/(-3). Let a(r) = -2*r - 1283. Let b(z) = -5*z - 2565. Let t(c) = 11*a(c) - 6*b(c). Is t(h) prime?
True
Suppose -s - 690 = 2*s. Suppose 11*x = 88 - 44. Is (-57)/(-2)*(s/(-15) - x) a composite number?
True
Let k be -5*(3/6)/(4/(-8)). Suppose -3*b = a - k - 3, a + 8 = 5*b. Is 31 - -55 - 1*(-2)/b composite?
True
Let c(h) = 2*h**3 - 11*h**2 + 17*h - 9. Suppose -2*p + 4*g = 2*p + 44, -3*p + g - 37 = 0. Let s = -5 - p. Is c(s) a composite number?
True
Let g(s) = -4*s**3 - 60*s**2 + 64*s - 581. Is g(-39) composite?
False
Suppose -70 = 2*c + 4*h, -c + 1 - 33 = 3*h. Let s = 1848 - 1804. Let m = s + c. Is m a composite number?
False
Let k(m) = 2*m**3 + 8*m**2 - m - 4. Let q be k(-4). Suppose q = -13*w + 5*w - 64. Let c(l) = 9*l**2 - 6*l + 7. Is c(w) a composite number?
False
Suppose 293331 = 20*w - 51804 - 82885. Is w a composite number?
False
Let n = 70 - 49. Let x(a) = a**3 - 18*a**2 + a - 7. Is x(n) a prime number?
False
Let d = -85236 + 184008. Suppose -d = -36*k + 30*k. Is k a composite number?
True
Let o = 87 + -33. Let f = o + -53. Is (-1 - -1)/f - -251 a composite number?
False
Let s be (18/3)/(28/14). Suppose -3*g - 44800 = -3*q + 113462, q = -s*g + 52766. Is q a prime number?
True
Let d(r) = -2262*r + 65. Let o be d(8). Let s = -10494 - o. Is s a composite number?
False
Let v be (-4012)/(-28) - 16/56. Suppose v*q = 148*q - 63025. Is q a composite number?
True
Suppose 0 = 10*q + 6 - 6. Is (q - 6568)/(-4) + -1*3 composite?
True
Let k be ((-1)/(-3))/(3/63). Let s